Calculate the highest common factor of t and 272.
16
Let r be (5 + 84/(-16))*(-13 + -3). Calculate the highest common divisor of r and 4.
4
Let x = 624 - 618. What is the greatest common divisor of x and 102?
6
Suppose -16*o + 469 = 117. Suppose -o*x = -23*x + 22. What is the greatest common factor of x and 176?
22
Let d be (-6)/(-5)*1 + 20*(-28)/2800. Let k be (-37)/(-7) + (-4)/14. Calculate the highest common divisor of d and k.
1
Let g be 2/(-8) - 181/(-4). Let l = -48 - -46. Let x be (18/5)/(l/(-10)). Calculate the greatest common factor of x and g.
9
Let b(g) = g**3 + 18*g**2 + 25*g + 20. Let w be b(-17). Let h = w + 176. What is the highest common factor of 12 and h?
12
Let z = 2 - 6. Let x be (6/z)/((-15)/20). Let c(a) = 2*a**2 + 3*a. Let r be c(-2). Calculate the highest common factor of r and x.
2
Let u(h) = -h - 11. Let k be u(-11). Suppose -f = 14 - k. Let o = 26 + f. What is the greatest common factor of o and 24?
12
Let i be (98 - -2)/(1*(-8)/(-4)). Calculate the highest common divisor of i and 30.
10
Let q(l) = 8*l**2 + 3*l + 15. Suppose 0 = 27*u - 31*u - 20. Let k be q(u). Calculate the greatest common divisor of k and 25.
25
Let k = -12 - -16. Suppose 58 = c + k*s, 3*s = -2*c + 87 + 19. Let g = 49 + c. Calculate the greatest common divisor of g and 11.
11
Let m(t) = -84*t + 172. Let q be m(-9). What is the highest common factor of q and 32?
32
Suppose -665*a = -629*a - 1728. Calculate the highest common factor of a and 912.
48
Let s = -207 + 255. What is the greatest common factor of 272 and s?
16
Let i be 22/(-132) + 146/12. Suppose 0 = -i*w + 8 + 88. Calculate the highest common factor of w and 1.
1
Suppose -16 = -5*m + m. Suppose f + 133 = m*f - 4*t, -t = -5. Calculate the highest common factor of f and 34.
17
Let q be (-3 + 6 - (-28)/(-8))*-34. Calculate the greatest common divisor of 289 and q.
17
Let s be 93/13 + (-4)/26. Let d = -7 + 14. Calculate the greatest common divisor of d and s.
7
Suppose -6 = -4*a + 6. Let c be (0 - 1) + 0 + a. Let f be (c + 10/(-3))*-54. Calculate the highest common factor of f and 12.
12
Suppose 156 = -5*q + 3*q. Let h = q - -158. What is the highest common factor of h and 10?
10
Suppose 13*m = 338 - 0. What is the highest common factor of m and 143?
13
Suppose 0 = 22*u - 17*u - 130. Let m be (3/(-6))/(1/(-178)). Suppose -5*z = 3*t - 103, 4*z + m = 4*t + z. Calculate the highest common factor of t and u.
26
Suppose p - 18*s - 102 = -15*s, 3*s = 4*p - 435. What is the highest common factor of 407 and p?
37
Let b = -1112 + 1130. Calculate the highest common divisor of b and 27.
9
Suppose 3*x + 28 + 15 = 5*k, -4*k + 2*x + 34 = 0. Let z(l) = l**3 - 9*l**2 + 8*l + 11. Let j be z(k). Calculate the highest common factor of 77 and j.
11
Suppose 0*s = -5*s + 25. Suppose 5*c = -s*n + 20, -3*n - 6*c = -c - 8. Let j be 14/(-2 + n + -3). Calculate the greatest common factor of j and 154.
14
Let r be (-19746)/27*9/(-6). Suppose r = 4*s + 173. What is the highest common divisor of 33 and s?
33
Let d be -60*37/((-925)/30). Calculate the greatest common divisor of d and 360.
72
Suppose 6*b = 32 + 40. Let q = b - 11. Let d = 15 + -8. Calculate the greatest common divisor of q and d.
1
Let p be (-6)/(-15) + 946/10. What is the greatest common divisor of 1235 and p?
95
Let k(v) = 15*v - 50. Let i be k(8). What is the greatest common divisor of 210 and i?
70
Suppose 3*j = 4*o - 148, -5*j = -4*o - 0*j + 140. Suppose o = 3*n + n. Suppose -2*k + 34 + 146 = 0. What is the greatest common divisor of k and n?
10
Let c be ((-9)/(-6))/(1/2). Suppose -x + 19 = c. Suppose -2*a - 2*y + y + 76 = 0, -a = y - 36. What is the highest common divisor of x and a?
8
Let f = 0 - -36. Suppose -3*x = -5*u + 140 - f, 0 = 3*u + 5*x - 76. What is the greatest common divisor of u and 2?
2
Suppose -4*h + 8 = 5*l, -3*l - 2*l + 23 = -h. Let x be -2*(4/8 + h). What is the highest common factor of 5 and x?
5
Let s be 8/36 + (-448)/(-9). Let m = 38 - 22. Suppose 3*o - m = s. What is the greatest common factor of 11 and o?
11
Suppose -2*i - 5*k = -5, -2 + 6 = i + k. Suppose u + i*u = 288. Let y be (-1)/(2 + (-99)/u). Calculate the highest common factor of 8 and y.
8
Let v = 2336 + -2112. What is the highest common factor of 21 and v?
7
Suppose 0 = 86*a - 87*a + 6. Let k(w) = -w**3 + w**2 - 2. Let b be k(-5). Let u be (-8)/(-20) - b/(-5). What is the highest common factor of u and a?
6
Let g be (-1)/((-2)/(-34) + 0). Let i = -6 - g. Let f be ((-4)/(-30))/(86/645). Calculate the greatest common divisor of i and f.
1
Let b be 366/14 + 3/(-21). Suppose 0 = 4*u - 46 - b. Calculate the highest common factor of 4 and u.
2
Let u(m) = m + 22. Let h be u(-7). Let c be 60/9 - (-2)/h*-5. Suppose -a - 4 = 0, 32 = 4*x - 4*a + 2*a. What is the greatest common divisor of x and c?
6
Let s = 41 + -48. Let z be s*29 - 42/14. Let b = -118 - z. Calculate the highest common factor of b and 8.
8
Let w = -3 - -4. Let d be (3*w)/(12/(-8)) + 9. Suppose -4*i + 4*n = -0*n - 324, 5*i - 397 = 3*n. Calculate the highest common divisor of i and d.
7
Let a be ((-3)/9 + 1)/((-6)/1008). Let i = -42 - a. Calculate the highest common divisor of i and 28.
14
Let j = 58 - 95. Let i be 2/(-7) - j/7. Let x = 17 + -12. Calculate the highest common factor of x and i.
5
Let w = -13 - -16. Suppose 4*b - 137 = 3*m + 43, 0 = 3*b + w*m - 156. Let k = b - -22. Calculate the greatest common factor of k and 7.
7
Let k be (1 - 11)/((-16)/96). Let u be (29/3)/((-2)/(-6)). Suppose -u*s - 40 = -31*s. Calculate the greatest common factor of s and k.
20
Let b(i) = -3*i**3 + i**2 - 1. Let w be b(-1). Let r(y) = -30*y + 153. Let c be r(5). Calculate the greatest common divisor of w and c.
3
Suppose -u + 54 = 53. Let z be (10/25)/(u/180). Calculate the greatest common factor of 8 and z.
8
Suppose -35*i + 11082 = 3942. Calculate the highest common factor of 85 and i.
17
Let y(i) = -13*i**2 + 61*i - 68. Let v(u) = -3*u**2 + 15*u - 17. Let l(s) = 9*v(s) - 2*y(s). Let r be l(7). What is the greatest common divisor of 275 and r?
25
Let y(x) = -26*x + 20. Let o = 35 - 41. Let p be y(o). What is the greatest common divisor of 16 and p?
16
Let v be 76/14 + 268/469. What is the greatest common factor of 5 and v?
1
Let i = 103 + 79. What is the greatest common divisor of i and 56?
14
Suppose -43 = 3*z - 2*k - 0*k, 5*z + 55 = -5*k. Let x = z + 25. What is the greatest common factor of 3 and x?
3
Suppose 0 = 5*z + 4*y - 350, 6*z - 3*y + 350 = 11*z. What is the greatest common divisor of 30 and z?
10
Let c be ((-2)/(-6))/(16/96). Suppose c*f - 35 - 9 = 0. What is the highest common factor of 33 and f?
11
Let k = 247 - -72. Calculate the highest common factor of k and 11.
11
Let i be 48/21 - (-4)/(-14). Suppose 3*h + i*l + 141 - 387 = 0, 2*h - 174 = 2*l. What is the highest common divisor of h and 12?
12
Let x = 38 - -122. Calculate the greatest common factor of 120 and x.
40
Suppose -3*y + 36 - 6 = -2*a, 5*a = 5*y - 50. Let b = y + 6. Let d = 48 + -32. Calculate the highest common divisor of b and d.
16
Let l = -21 - -23. Suppose -50 = -l*m + 40. Let k = 11 - 6. Calculate the highest common factor of k and m.
5
Suppose 5*m - 4*o - 16986 = -1142, -3152 = -m + 5*o. Calculate the highest common factor of 61 and m.
61
Let b = -331 - -529. Suppose 14 = p + 17. Let x = 25 + p. Calculate the highest common divisor of x and b.
22
Suppose 0 = 2*i - 17 - 13. Suppose -90 = -3*o + 5*k, -4*o - 15*k + 120 = -12*k. Calculate the greatest common divisor of i and o.
15
Let v(o) = o**2 + 12*o - 12. Let t be v(-13). Suppose m - t - 16 = 0. What is the greatest common factor of m and 17?
17
Suppose -k - 2*u - 35 = -4*k, -2*k - 3*u = -45. Suppose -517 = -6*g + g + 2*d, 2*d + 97 = g. Calculate the greatest common factor of g and k.
15
Let j be 3/(3*3/(-6)). Let v be (12/(-15))/4 + (-3751)/(-55). Let a be (v/12)/(j/(-6)). What is the greatest common factor of a and 34?
17
Let a = 544 - 166. What is the highest common factor of 42 and a?
42
Suppose -s = -23 + 17. Suppose s*p - p - 90 = 0. Calculate the highest common factor of 9 and p.
9
Let h(l) = -30*l - 122. Let f be h(-5). Calculate the greatest common divisor of f and 6.
2
Let t(y) = y**2 - 7*y - 18. Let m be t(12). Let z = -26 + m. Calculate the highest common divisor of 16 and z.